
What is the tens digit of 895080082?
8
What is the hundred thousands digit of 101812780?
8
What is the hundred thousands digit of 200710330?
7
What is the tens digit of 43524483?
8
What is the millions digit of 639964946?
9
What is the hundred thousands digit of 839825921?
8
What is the ten thousands digit of 692484?
9
What is the ten thousands digit of 2019398811?
9
What is the hundred thousands digit of 940317454?
3
What is the units digit of 88363059?
9
What is the ten thousands digit of 138652980?
5
What is the thousands digit of 48940949?
0
What is the tens digit of 42172103?
0
What is the hundred thousands digit of 1665271692?
2
What is the units digit of 338068883?
3
What is the ten thousands digit of 80236965?
3
What is the ten millions digit of 568813134?
6
What is the tens digit of 20751113?
1
What is the units digit of 49915444?
4
What is the hundreds digit of 7756214?
2
What is the thousands digit of 4303279794?
9
What is the hundred thousands digit of 58797654?
7
What is the ten thousands digit of 308011618?
1
What is the hundred millions digit of 666804806?
6
What is the ten thousands digit of 23746430?
4
What is the thousands digit of 20953284?
3
What is the thousands digit of 235597256?
7
What is the hundreds digit of 103797040?
0
What is the units digit of 52782694?
4
What is the tens digit of 140656992?
9
What is the thousands digit of 82006894?
6
What is the hundred millions digit of 1318777447?
3
What is the thousands digit of 298565182?
5
What is the thousands digit of 18438926?
8
What is the units digit of 88615022?
2
What is the ten thousands digit of 6040696220?
9
What is the ten millions digit of 3598917610?
9
What is the hundreds digit of 63837514?
5
What is the units digit of 189607538?
8
What is the hundreds digit of 2458093001?
0
What is the tens digit of 32337165?
6
What is the ten thousands digit of 147036705?
3
What is the hundred millions digit of 1920877582?
9
What is the thousands digit of 173096812?
6
What is the hundreds digit of 7515804?
8
What is the tens digit of 81940965?
6
What is the units digit of 124214774?
4
What is the units digit of 177782144?
4
What is the ten millions digit of 39146122?
3
What is the units digit of 73104003?
3
What is the units digit of 3168446011?
1
What is the hundreds digit of 140197137?
1
What is the hundred thousands digit of 2331882725?
8
What is the hundred thousands digit of 3906209919?
2
What is the tens digit of 67589019?
1
What is the hundred millions digit of 365286410?
3
What is the millions digit of 48928854?
8
What is the hundreds digit of 2202541491?
4
What is the thousands digit of 2011159657?
9
What is the ten thousands digit of 58149913?
4
What is the hundreds digit of 110950707?
7
What is the hundreds digit of 793602288?
2
What is the millions digit of 15679867?
5
What is the millions digit of 745082858?
5
What is the hundreds digit of 299775149?
1
What is the hundred millions digit of 2479337249?
4
What is the millions digit of 653508027?
3
What is the ten thousands digit of 1010351712?
5
What is the hundred thousands digit of 541897431?
8
What is the hundred thousands digit of 64756808?
7
What is the hundred millions digit of 101221639?
1
What is the thousands digit of 1257066470?
6
What is the ten millions digit of 55018937?
5
What is the hundred thousands digit of 136252248?
2
What is the hundred thousands digit of 22875767?
8
What is the hundred thousands digit of 54238841?
2
What is the units digit of 1359115582?
2
What is the hundreds digit of 204588565?
5
What is the hundred thousands digit of 602948421?
9
What is the thousands digit of 83418856?
8
What is the hundreds digit of 6652607?
6
What is the hundred millions digit of 670200937?
6
What is the millions digit of 35844863?
5
What is the hundreds digit of 13055314?
3
What is the ten millions digit of 85092617?
8
What is the hundreds digit of 162432008?
0
What is the hundred millions digit of 4339199366?
3
What is the tens digit of 23977779?
7
What is the hundreds digit of 91167176?
1
What is the hundred millions digit of 165393965?
1
What is the billions digit of 6159214313?
6
What is the hundred thousands digit of 37840509?
8
What is the hundreds digit of 29424297?
2
What is the units digit of 693610368?
8
What is the millions digit of 7115688?
7
What is the tens digit of 74827531?
3
What is the ten millions digit of 354428433?
5
What is the millions digit of 147382881?
7
What is the hundred thousands digit of 7236354?
2
What is the hundred thousands digit of 17805633?
8
What is the thousands digit of 682598939?
8
What is the tens digit of 76583099?
9
What is the ten thousands digit of 156904174?
0
What is the hundred millions digit of 198123780?
1
What is the units digit of 144708046?
6
What is the ten thousands digit of 436015595?
1
What is the thousands digit of 2546183028?
3
What is the thousands digit of 85284846?
4
What is the ten thousands digit of 36740320?
4
What is the units digit of 2361413877?
7
What is the hundred millions digit of 888150906?
8
What is the thousands digit of 17226356?
6
What is the ten thousands digit of 2160528309?
2
What is the thousands digit of 78528971?
8
What is the ten thousands digit of 57501022?
0
What is the hundred millions digit of 1359038398?
3
What is the tens digit of 55997034?
3
What is the tens digit of 948506541?
4
What is the hundred thousands digit of 140208880?
2
What is the ten thousands digit of 834424166?
2
What is the ten thousands digit of 4307335032?
3
What is the millions digit of 49282237?
9
What is the hundred thousands digit of 3216379868?
3
What is the hundred thousands digit of 27887451?
8
What is the ten thousands digit of 1284382922?
8
What is the ten thousands digit of 192260792?
6
What is the hundred thousands digit of 790298302?
2
What is the thousands digit of 5334793?
4
What is the tens digit of 406433513?
1
What is the units digit of 37199561?
1
What is the ten millions digit of 60143994?
6
What is the hundreds digit of 27861502?
5
What is the thousands digit of 66978552?
8
What is the units digit of 3655806845?
5
What is the hundreds digit of 112057239?
2
What is the hundred thousands digit of 8661208935?
2
What is the tens digit of 15728856?
5
What is the units digit of 916754784?
4
What is the ten millions digit of 86626087?
8
What is the millions digit of 78450744?
8
What is the hundred millions digit of 997953808?
9
What is the tens digit of 1940368765?
6
What is the thousands digit of 122347339?
7
What is the ten millions digit of 137973892?
3
What is the ten millions digit of 58496575?
5
What is the units digit of 6710139185?
5
What is the thousands digit of 4669519864?
9
What is the hundreds digit of 107288797?
7
What is the tens digit of 113352592?
9
What is the ten millions digit of 127407863?
2
What is the ten thousands digit of 28379100?
7
What is the ten thousands digit of 45252885?
5
What is the ten millions digit of 128181089?
2
What is the units digit of 75125?
5
What is the ten thousands digit of 3252180?
5
What is the hundred thousands digit of 602713774?
7
What is the hundreds digit of 99262753?
7
What is the hundred thousands digit of 351357516?
3
What is the thousands digit of 457686353?
6
What is the tens digit of 5706334?
3
What is the millions digit of 170328336?
0
What is the thousands digit of 222245429?
5
What is the thousands digit of 255795792?
5
What is the millions digit of 215199336?
5
What is the ten thousands digit of 3873185729?
8
What is the hundreds digit of 2375638303?
3
What is the billions digit of 1018517917?
1
What is the millions digit of 973556989?
3
What is the units digit of 3025472542?
2
What is the hundreds digit of 35299688?
6
What is the ten thousands digit of 2853317343?
1
What is the billions digit of 3190344264?
3
What is the ten millions digit of 3459481728?
5
What is the ten millions digit of 64744300?
6
What is the ten millions digit of 181965236?
8
What is the millions digit of 104380771?
4
What is the hundred millions digit of 2888841770?
8
What is the hundred thousands digit of 79655423?
6
What is the thousands digit of 64958171?
8
What is the millions digit of 7438710391?
8
What is the ten thousands digit of 350657028?
5
What is the ten millions digit of 142059